{"id":127,"date":"2017-09-13T01:54:38","date_gmt":"2017-09-12T23:54:38","guid":{"rendered":"http:\/\/blog.0link.net\/?page_id=127"},"modified":"2017-09-13T02:00:29","modified_gmt":"2017-09-13T00:00:29","slug":"willkommen","status":"publish","type":"page","link":"https:\/\/blog.0link.net\/","title":{"rendered":"Willkommen"},"content":{"rendered":"<p>&#8230; auf meiner unregelm\u00e4\u00dfig gepflegten Blogseite. Hier schreibe ich ab und an meist technische Sachen nieder, weil ich sie selbst nicht vergessen will, oder weil jemand sagt &#8230; schreib das auf, es k\u00f6nnte wichtig sein \ud83d\ude09<\/p>\n<p>Ihr seid eingeladen zu st\u00f6bern. Ihr d\u00fcrft alles gerne selbst ausprobieren, aber nat\u00fcrlich auf eigene Gefahr. Ich \u00fcbernehme keine Garantie, dass meine Anleitungen funktionieren und\/oder vollst\u00e4ndig sind. Fragen versuche ich gerne zu beantworten.<\/p>\n<p>Und nun viel Spa\u00df beim try-and-error.<\/p>\n<p>Gr\u00fc\u00dfe<\/p>\n<p>Rainer<\/p>\n","protected":false},"excerpt":{"rendered":"<p>&#8230; auf meiner unregelm\u00e4\u00dfig gepflegten Blogseite. Hier schreibe ich ab und an meist technische Sachen nieder, weil ich sie selbst nicht vergessen will, oder weil jemand sagt &#8230; schreib das auf, es k\u00f6nnte wichtig sein \ud83d\ude09 Ihr seid eingeladen zu st\u00f6bern. Ihr d\u00fcrft alles gerne selbst ausprobieren, aber nat\u00fcrlich auf eigene Gefahr. Ich \u00fcbernehme keine &hellip; <a href=\"https:\/\/blog.0link.net\/\" class=\"more-link\"><span class=\"screen-reader-text\">Willkommen<\/span> weiterlesen <span class=\"meta-nav\">&rarr;<\/span><\/a><\/p>\n","protected":false},"author":1,"featured_media":0,"parent":0,"menu_order":0,"comment_status":"closed","ping_status":"closed","template":"","meta":[],"_links":{"self":[{"href":"https:\/\/blog.0link.net\/index.php\/wp-json\/wp\/v2\/pages\/127"}],"collection":[{"href":"https:\/\/blog.0link.net\/index.php\/wp-json\/wp\/v2\/pages"}],"about":[{"href":"https:\/\/blog.0link.net\/index.php\/wp-json\/wp\/v2\/types\/page"}],"author":[{"embeddable":true,"href":"https:\/\/blog.0link.net\/index.php\/wp-json\/wp\/v2\/users\/1"}],"replies":[{"embeddable":true,"href":"https:\/\/blog.0link.net\/index.php\/wp-json\/wp\/v2\/comments?post=127"}],"version-history":[{"count":3,"href":"https:\/\/blog.0link.net\/index.php\/wp-json\/wp\/v2\/pages\/127\/revisions"}],"predecessor-version":[{"id":132,"href":"https:\/\/blog.0link.net\/index.php\/wp-json\/wp\/v2\/pages\/127\/revisions\/132"}],"wp:attachment":[{"href":"https:\/\/blog.0link.net\/index.php\/wp-json\/wp\/v2\/media?parent=127"}],"curies":[{"name":"wp","href":"https:\/\/api.w.org\/{rel}","templated":true}]}}